{"id":9486,"date":"2020-07-16T23:58:38","date_gmt":"2020-07-16T23:58:38","guid":{"rendered":"https:\/\/basakcilastik.com.tr\/?post_type=product&#038;p=9486"},"modified":"2020-07-16T23:58:39","modified_gmt":"2020-07-16T23:58:39","slug":"troy-19820-elektrikli-testere","status":"publish","type":"product","link":"https:\/\/alibasakciend.com.tr\/?product=troy-19820-elektrikli-testere","title":{"rendered":"TROY 19820 Elektrikli Testere"},"content":{"rendered":"<p>TROY 19820 Elektrikli Testere<\/p>\n<p><strong>KAMPANYALI \u00dcR\u00dcNLER GARANT\u0130 KAPSAMI DI\u015eINDADIR.<\/strong><\/p>\n<p><strong>\u00dcR\u00dcN SORUNSUZ \u00c7ALI\u015eIR VAZ\u0130YETTED\u0130R, AMBALAJLIDIR.<\/strong><\/p>\n<p>&nbsp;<\/p>\n<ul>\n<li>Dayan\u0131kl\u0131, ergonomik, kullan\u0131m\u0131 kolay elektrikli zincirli testere<br \/>\n\u25cf G\u00fc\u00e7l\u00fc motor<br \/>\n\u25cf Somun anahtar\u0131na ihtiya\u00e7 duymadan yap\u0131labilen tansiyon ayar\u0131<br \/>\n\u25cf Oregon marka zincir<br \/>\n\u25cf G\u00fcvenlik freni<br \/>\n\u25cf G\u00fcvenlik kilidi<br \/>\n\u25cf Otomatik zincir ya\u011flama<br \/>\n\u25cf Karton kutulu<br \/>\n\u25cf G\u00fc\u00e7: 1600 W \/ 2,11 Hp<br \/>\n\u25cf Devir say\u0131s\u0131: 5000 d\/dak<br \/>\n\u25cf Ya\u011f deposu kapasitesi: 190 ml<br \/>\n\u25cf Pala uzunlu\u011fu: 405 mm<br \/>\n\u25cf Net A\u011f\u0131rl\u0131k: 6,8 kg<\/li>\n<\/ul>\n<p><strong>A\u011f\u0131rl\u0131k(Kg)<\/strong><\/p>\n<p><strong>:<\/strong><\/p>\n<p>8.29<\/p>\n","protected":false},"excerpt":{"rendered":"<p>TROY 19820 Elektrikli Testere KAMPANYALI \u00dcR\u00dcNLER GARANT\u0130 KAPSAMI DI\u015eINDADIR. \u00dcR\u00dcN SORUNSUZ \u00c7ALI\u015eIR VAZ\u0130YETTED\u0130R, AMBALAJLIDIR. &nbsp; Dayan\u0131kl\u0131, ergonomik, kullan\u0131m\u0131 kolay elektrikli zincirli testere \u25cf G\u00fc\u00e7l\u00fc motor \u25cf Somun anahtar\u0131na ihtiya\u00e7 duymadan yap\u0131labilen tansiyon ayar\u0131 \u25cf Oregon marka zincir \u25cf G\u00fcvenlik freni \u25cf G\u00fcvenlik kilidi \u25cf Otomatik zincir ya\u011flama \u25cf Karton kutulu \u25cf G\u00fc\u00e7: 1600 W \/ &hellip; <\/p>\n<p class=\"link-more\"><a href=\"https:\/\/alibasakciend.com.tr\/?product=troy-19820-elektrikli-testere\" class=\"more-link\">Okumaya devam et<span class=\"screen-reader-text\"> &#8220;TROY 19820 Elektrikli Testere&#8221;<\/span><\/a><\/p>\n","protected":false},"featured_media":9488,"comment_status":"open","ping_status":"closed","template":"","meta":[],"product_brand":[],"product_cat":[15,52,66],"product_tag":[],"class_list":{"0":"post-9486","1":"product","2":"type-product","3":"status-publish","4":"has-post-thumbnail","6":"product_cat-genel","7":"product_cat-akulu-aletler","8":"product_cat-testereler","9":"entry","11":"first","12":"instock","13":"shipping-taxable","14":"product-type-simple"},"_links":{"self":[{"href":"https:\/\/alibasakciend.com.tr\/index.php?rest_route=\/wp\/v2\/product\/9486","targetHints":{"allow":["GET"]}}],"collection":[{"href":"https:\/\/alibasakciend.com.tr\/index.php?rest_route=\/wp\/v2\/product"}],"about":[{"href":"https:\/\/alibasakciend.com.tr\/index.php?rest_route=\/wp\/v2\/types\/product"}],"replies":[{"embeddable":true,"href":"https:\/\/alibasakciend.com.tr\/index.php?rest_route=%2Fwp%2Fv2%2Fcomments&post=9486"}],"wp:featuredmedia":[{"embeddable":true,"href":"https:\/\/alibasakciend.com.tr\/index.php?rest_route=\/wp\/v2\/media\/9488"}],"wp:attachment":[{"href":"https:\/\/alibasakciend.com.tr\/index.php?rest_route=%2Fwp%2Fv2%2Fmedia&parent=9486"}],"wp:term":[{"taxonomy":"product_brand","embeddable":true,"href":"https:\/\/alibasakciend.com.tr\/index.php?rest_route=%2Fwp%2Fv2%2Fproduct_brand&post=9486"},{"taxonomy":"product_cat","embeddable":true,"href":"https:\/\/alibasakciend.com.tr\/index.php?rest_route=%2Fwp%2Fv2%2Fproduct_cat&post=9486"},{"taxonomy":"product_tag","embeddable":true,"href":"https:\/\/alibasakciend.com.tr\/index.php?rest_route=%2Fwp%2Fv2%2Fproduct_tag&post=9486"}],"curies":[{"name":"wp","href":"https:\/\/api.w.org\/{rel}","templated":true}]}}