{"id":9165,"date":"2020-07-16T21:35:14","date_gmt":"2020-07-16T21:35:14","guid":{"rendered":"https:\/\/basakcilastik.com.tr\/?post_type=product&#038;p=9165"},"modified":"2020-07-16T21:35:15","modified_gmt":"2020-07-16T21:35:15","slug":"dewalt-d28730-profesyonel-profil-kesme-makinesi-2300w-355mm","status":"publish","type":"product","link":"https:\/\/alibasakciend.com.tr\/?product=dewalt-d28730-profesyonel-profil-kesme-makinesi-2300w-355mm","title":{"rendered":"Dewalt D28730 Profesyonel Profil Kesme Makinesi 2300W 355Mm"},"content":{"rendered":"<p><strong>Dewalt D28730 Profesyonel Profil Kesme Makinesi 2300W 355Mm<\/strong><\/p>\n<p>Dewalt D28730 2300Watt 355mm Profesyonel Profil Kesme<br \/>\nZorlu uygulamalar i\u00e7in 2300Watt g\u00fc\u00e7l\u00fc ve dayan\u0131kl\u0131 motor<br \/>\nY\u00fcks\u00fcz h\u0131z\u0131 3800 dev\/dk<br \/>\nDisk \u00e7ap\u0131 355mm<br \/>\nMaksimum Kesme Kapasitesi 90\u00b0 119 x 119 mm<br \/>\n90\u00b0 Maksimum Kesme Kapasitesi 115 x 130 mm<br \/>\n90\u00b0 Maksimum Kesme Kapasitesi 137 x 137 mm<br \/>\n90\u00b0 Maksimum Kesme Kapasitesi 130 mm<br \/>\n45\u00b0 Maksimum Kesme Kapasitesi 98 x 98 mm<br \/>\n45\u00b0 Maksimum Kesme Kapasitesi 115 x 98 mm<br \/>\n45\u00b0 Maksimum Kesme Kapasitesi 98 x 98 mm<br \/>\n45\u00b0 Maksimum Kesme Kapasitesi 115 mm<br \/>\nMetal boru kesme, Metal profil kesme, Dolu metal kesme<br \/>\nY\u00fcksek g\u00fc\u00e7ten a\u015f\u0131nma korumal\u0131 motor daha fazla dayan\u0131kl\u0131l\u0131k sa\u011flayacak \u015fekilde daha fazla y\u00fcklenme kapasitesinde sahiptir<br \/>\nRahat kavrama ve yorulmadan kullanma i\u00e7in ergonomik tasar\u0131m<br \/>\n\u00c7al\u0131\u015fma par\u00e7as\u0131n\u0131 h\u0131zl\u0131 bir \u015fekilde de\u011fi\u015ftirmeyi sa\u011flayan mengene<br \/>\nMil kilidi ile kolay ve \u00e7abuk disk de\u011fi\u015ftirme<br \/>\nAyarlanabilir k\u0131v\u0131lc\u0131m korumas\u0131 ile k\u0131v\u0131lc\u0131m y\u00f6n\u00fc ayarlanabilir<br \/>\nMaksimum kullan\u0131c\u0131 emniyeti i\u00e7in a\u011f\u0131r hizmet tipi muhafaza<br \/>\nKolay ta\u015f\u0131mak i\u00e7in ikinci tutma kolu<br \/>\nKolay kullan\u0131m i\u00e7in alet \u00fczerinde anahtar muhafazas\u0131<br \/>\nProfesyonel Kullan\u0131ma uygundur<br \/>\nA\u011f\u0131rl\u0131k 17 Kg<br \/>\nStandart Ekipman: 1 kesme diski, alt\u0131gen anahtar<\/p>\n","protected":false},"excerpt":{"rendered":"<p>Dewalt D28730 Profesyonel Profil Kesme Makinesi 2300W 355Mm Dewalt D28730 2300Watt 355mm Profesyonel Profil Kesme Zorlu uygulamalar i\u00e7in 2300Watt g\u00fc\u00e7l\u00fc ve dayan\u0131kl\u0131 motor Y\u00fcks\u00fcz h\u0131z\u0131 3800 dev\/dk Disk \u00e7ap\u0131 355mm Maksimum Kesme Kapasitesi 90\u00b0 119 x 119 mm 90\u00b0 Maksimum Kesme Kapasitesi 115 x 130 mm 90\u00b0 Maksimum Kesme Kapasitesi 137 x 137 mm 90\u00b0 &hellip; <\/p>\n<p class=\"link-more\"><a href=\"https:\/\/alibasakciend.com.tr\/?product=dewalt-d28730-profesyonel-profil-kesme-makinesi-2300w-355mm\" class=\"more-link\">Okumaya devam et<span class=\"screen-reader-text\"> &#8220;Dewalt D28730 Profesyonel Profil Kesme Makinesi 2300W 355Mm&#8221;<\/span><\/a><\/p>\n","protected":false},"featured_media":9166,"comment_status":"open","ping_status":"closed","template":"","meta":[],"product_brand":[],"product_cat":[15,52,65],"product_tag":[],"class_list":{"0":"post-9165","1":"product","2":"type-product","3":"status-publish","4":"has-post-thumbnail","6":"product_cat-genel","7":"product_cat-akulu-aletler","8":"product_cat-sarjli-aletler","9":"entry","11":"first","12":"instock","13":"shipping-taxable","14":"product-type-simple"},"_links":{"self":[{"href":"https:\/\/alibasakciend.com.tr\/index.php?rest_route=\/wp\/v2\/product\/9165","targetHints":{"allow":["GET"]}}],"collection":[{"href":"https:\/\/alibasakciend.com.tr\/index.php?rest_route=\/wp\/v2\/product"}],"about":[{"href":"https:\/\/alibasakciend.com.tr\/index.php?rest_route=\/wp\/v2\/types\/product"}],"replies":[{"embeddable":true,"href":"https:\/\/alibasakciend.com.tr\/index.php?rest_route=%2Fwp%2Fv2%2Fcomments&post=9165"}],"wp:featuredmedia":[{"embeddable":true,"href":"https:\/\/alibasakciend.com.tr\/index.php?rest_route=\/wp\/v2\/media\/9166"}],"wp:attachment":[{"href":"https:\/\/alibasakciend.com.tr\/index.php?rest_route=%2Fwp%2Fv2%2Fmedia&parent=9165"}],"wp:term":[{"taxonomy":"product_brand","embeddable":true,"href":"https:\/\/alibasakciend.com.tr\/index.php?rest_route=%2Fwp%2Fv2%2Fproduct_brand&post=9165"},{"taxonomy":"product_cat","embeddable":true,"href":"https:\/\/alibasakciend.com.tr\/index.php?rest_route=%2Fwp%2Fv2%2Fproduct_cat&post=9165"},{"taxonomy":"product_tag","embeddable":true,"href":"https:\/\/alibasakciend.com.tr\/index.php?rest_route=%2Fwp%2Fv2%2Fproduct_tag&post=9165"}],"curies":[{"name":"wp","href":"https:\/\/api.w.org\/{rel}","templated":true}]}}