{"id":20162,"date":"2020-08-06T19:37:52","date_gmt":"2020-08-06T19:37:52","guid":{"rendered":"https:\/\/basakcilastik.com.tr\/?post_type=product&#038;p=20162"},"modified":"2020-08-06T19:37:53","modified_gmt":"2020-08-06T19:37:53","slug":"5500-duz-keski-kalkan-izoleli","status":"publish","type":"product","link":"https:\/\/alibasakciend.com.tr\/?product=5500-duz-keski-kalkan-izoleli","title":{"rendered":"5500 D\u00fcz Keski (Kalkan \u0130zoleli)"},"content":{"rendered":"<p>5500 D\u00fcz Keski (Kalkan \u0130zoleli)<\/p>\n","protected":false},"excerpt":{"rendered":"<p>5500 D\u00fcz Keski (Kalkan \u0130zoleli)<\/p>\n","protected":false},"featured_media":20165,"comment_status":"open","ping_status":"closed","template":"","meta":[],"product_brand":[],"product_cat":[15,72,223,81],"product_tag":[],"class_list":{"0":"post-20162","1":"product","2":"type-product","3":"status-publish","4":"has-post-thumbnail","6":"product_cat-genel","7":"product_cat-hirdavat","8":"product_cat-keskiler","9":"product_cat-keskiler-ve-cekicler","10":"entry","12":"first","13":"instock","14":"shipping-taxable","15":"product-type-simple"},"_links":{"self":[{"href":"https:\/\/alibasakciend.com.tr\/index.php?rest_route=\/wp\/v2\/product\/20162","targetHints":{"allow":["GET"]}}],"collection":[{"href":"https:\/\/alibasakciend.com.tr\/index.php?rest_route=\/wp\/v2\/product"}],"about":[{"href":"https:\/\/alibasakciend.com.tr\/index.php?rest_route=\/wp\/v2\/types\/product"}],"replies":[{"embeddable":true,"href":"https:\/\/alibasakciend.com.tr\/index.php?rest_route=%2Fwp%2Fv2%2Fcomments&post=20162"}],"wp:featuredmedia":[{"embeddable":true,"href":"https:\/\/alibasakciend.com.tr\/index.php?rest_route=\/wp\/v2\/media\/20165"}],"wp:attachment":[{"href":"https:\/\/alibasakciend.com.tr\/index.php?rest_route=%2Fwp%2Fv2%2Fmedia&parent=20162"}],"wp:term":[{"taxonomy":"product_brand","embeddable":true,"href":"https:\/\/alibasakciend.com.tr\/index.php?rest_route=%2Fwp%2Fv2%2Fproduct_brand&post=20162"},{"taxonomy":"product_cat","embeddable":true,"href":"https:\/\/alibasakciend.com.tr\/index.php?rest_route=%2Fwp%2Fv2%2Fproduct_cat&post=20162"},{"taxonomy":"product_tag","embeddable":true,"href":"https:\/\/alibasakciend.com.tr\/index.php?rest_route=%2Fwp%2Fv2%2Fproduct_tag&post=20162"}],"curies":[{"name":"wp","href":"https:\/\/api.w.org\/{rel}","templated":true}]}}